{"id":6484,"date":"2023-10-16T22:38:58","date_gmt":"2023-10-16T22:38:58","guid":{"rendered":"https:\/\/solz-immobilien.de\/?page_id=6484"},"modified":"2023-10-30T15:37:08","modified_gmt":"2023-10-30T15:37:08","slug":"allgemeine-geschaeftsbedingungen","status":"publish","type":"page","link":"https:\/\/solz-immobilien.de\/index.php\/allgemeine-geschaeftsbedingungen\/","title":{"rendered":"Allgemeine Gesch\u00e4ftsbedingungen"},"content":{"rendered":"\t\t<div data-elementor-type=\"wp-page\" data-elementor-id=\"6484\" class=\"elementor elementor-6484\">\n\t\t\t\t<div class=\"elementor-element elementor-element-dbc9db8 e-flex e-con-boxed e-con e-parent\" data-id=\"dbc9db8\" data-element_type=\"container\" data-e-type=\"container\" data-settings=\"{&quot;background_background&quot;:&quot;classic&quot;}\">\n\t\t\t\t\t<div class=\"e-con-inner\">\n\t\t\t\t<div class=\"elementor-element elementor-element-4af0a95 elementor-widget elementor-widget-heading\" data-id=\"4af0a95\" data-element_type=\"widget\" data-e-type=\"widget\" data-widget_type=\"heading.default\">\n\t\t\t\t<div class=\"elementor-widget-container\">\n\t\t\t\t\t<h2 class=\"elementor-heading-title elementor-size-default\">Allgemeine Gesch\u00e4ftsbedingungen<\/h2>\t\t\t\t<\/div>\n\t\t\t\t<\/div>\n\t\t\t\t\t<\/div>\n\t\t\t\t<\/div>\n\t\t<div class=\"elementor-element elementor-element-cb31ed9 e-flex e-con-boxed e-con e-parent\" data-id=\"cb31ed9\" data-element_type=\"container\" data-e-type=\"container\">\n\t\t\t\t\t<div class=\"e-con-inner\">\n\t\t\t\t<div class=\"elementor-element elementor-element-e6b59bf elementor-widget elementor-widget-spacer\" data-id=\"e6b59bf\" data-element_type=\"widget\" data-e-type=\"widget\" data-widget_type=\"spacer.default\">\n\t\t\t\t<div class=\"elementor-widget-container\">\n\t\t\t\t\t\t\t<div class=\"elementor-spacer\">\n\t\t\t<div class=\"elementor-spacer-inner\"><\/div>\n\t\t<\/div>\n\t\t\t\t\t\t<\/div>\n\t\t\t\t<\/div>\n\t\t\t\t<div class=\"elementor-element elementor-element-1627b73 elementor-widget elementor-widget-heading\" data-id=\"1627b73\" data-element_type=\"widget\" data-e-type=\"widget\" data-widget_type=\"heading.default\">\n\t\t\t\t<div class=\"elementor-widget-container\">\n\t\t\t\t\t<h4 class=\"elementor-heading-title elementor-size-default\">Allgemeine Gesch\u00e4ftsbedingungen\nder Gerald Solz \u2013 Immobilien<\/h4>\t\t\t\t<\/div>\n\t\t\t\t<\/div>\n\t\t\t\t<div class=\"elementor-element elementor-element-ea12919 elementor-widget elementor-widget-spacer\" data-id=\"ea12919\" data-element_type=\"widget\" data-e-type=\"widget\" data-widget_type=\"spacer.default\">\n\t\t\t\t<div class=\"elementor-widget-container\">\n\t\t\t\t\t\t\t<div class=\"elementor-spacer\">\n\t\t\t<div class=\"elementor-spacer-inner\"><\/div>\n\t\t<\/div>\n\t\t\t\t\t\t<\/div>\n\t\t\t\t<\/div>\n\t\t\t\t<div class=\"elementor-element elementor-element-433e878 elementor-widget elementor-widget-text-editor\" data-id=\"433e878\" data-element_type=\"widget\" data-e-type=\"widget\" data-widget_type=\"text-editor.default\">\n\t\t\t\t<div class=\"elementor-widget-container\">\n\t\t\t\t\t\t\t\t\t<div style=\"margin: 0px; padding: 0px; color: #555555; font-family: 'Open Sans', sans-serif; font-size: 13px; text-align: left;\"><strong>1. Anwendungsbereich<\/strong><\/div><div style=\"margin: 0px; padding: 0px; color: #555555; font-family: 'Open Sans', sans-serif; font-size: 13px; text-align: left;\">Die Gerald Solz \u2013 Immobilien (nachfolgend Makler) erbringt ihre Dienstleistungen gegen\u00fcber ihrem Vertragspartner (nachfolgend Kunde) ausschlie\u00dflich auf Basis dieser Gesch\u00e4ftsbedingungen. Diese gelten auch f\u00fcr k\u00fcnftige Gesch\u00e4ftsbeziehungen. Abweichungen sind schriftlich zu vereinbaren und gelten nur f\u00fcr den betreffenden Einzelfall.<br \/><br \/><\/div><div>\u00a0<\/div><div style=\"margin: 0px; padding: 0px; color: #555555; font-family: 'Open Sans', sans-serif; font-size: 13px; text-align: left;\"><strong>2. Angebote<\/strong><\/div><div style=\"margin: 0px; padding: 0px; color: #555555; font-family: 'Open Sans', sans-serif; font-size: 13px; text-align: left;\">Angebote des Maklers werden mit gr\u00f6\u00dfter Sorgfalt erstellt. Sie basieren auf Ausk\u00fcnfte Dritter. F\u00fcr die Richtigkeit und Vollst\u00e4ndigkeit wird keine Haftung \u00fcbernommen. Angebote sind sie unverbindlich und freibleibend.<\/div><div>\u00a0<\/div><div style=\"margin: 0px; padding: 0px; color: #555555; font-family: 'Open Sans', sans-serif; font-size: 13px; text-align: left;\"><strong>\u00a0<\/strong><\/div><div style=\"margin: 0px; padding: 0px; color: #555555; font-family: 'Open Sans', sans-serif; font-size: 13px; text-align: left;\"><strong>3. Vertraulichkeit <\/strong><\/div><div style=\"margin: 0px; padding: 0px; color: #555555; font-family: 'Open Sans', sans-serif; font-size: 13px; text-align: left;\">Alle durch den Makler erteilte Informationen, ob schriftlich oder m\u00fcndlich, und Unterlagen, sind nur f\u00fcr den Kunden bestimmt und von diesem vertraulich zu behandeln. Weitergabe an Dritte ist untersagt und kann zu Schadensersatzanspr\u00fcchen f\u00fchren.<br \/><br \/><\/div><div>\u00a0<\/div><div style=\"margin: 0px; padding: 0px; color: #555555; font-family: 'Open Sans', sans-serif; font-size: 13px; text-align: left;\"><strong>4. Pflichten des Kunden <\/strong><\/div><div style=\"margin: 0px; padding: 0px; color: #555555; font-family: 'Open Sans', sans-serif; font-size: 13px; text-align: left;\">Der Kunde ist verpflichtet eine eventuell bestehende Vorkenntnis \u00fcber ein Angebot unverz\u00fcglich nach Erhalt des Angebotes durch den Makler anzuzeigen.<\/div><div>\u00a0<\/div><div style=\"margin: 0px; padding: 0px; color: #555555; font-family: 'Open Sans', sans-serif; font-size: 13px; text-align: left;\">Nach Abschluss eines Hauptvertrages \u00fcber ein von dem Makler vermitteltes oder nachgewiesenes Objekt ist der Kunden verpflichtet, umgehend die relevanten Vertragsdaten mitzuteilen und eine einfache Abschrift des Vertrages zu \u00fcbermitteln.<\/div><div>\u00a0<\/div><div style=\"margin: 0px; padding: 0px; color: #555555; font-family: 'Open Sans', sans-serif; font-size: 13px; text-align: left;\">Der Kunde ist dazu verpflichtet, alle gesetzlich geforderten Informationen zur Vermarktung einer Immobilie (z.B. Energieausweis) dem Makler rechtzeitig zur Verf\u00fcgung zu stellen. Der Kunde stellt den Makler von s\u00e4mtlichen Anspr\u00fcchen aufgrund der Verletzung dieser Verpflichtung frei.<br \/><br \/><\/div><div>\u00a0<\/div><div style=\"margin: 0px; padding: 0px; color: #555555; font-family: 'Open Sans', sans-serif; font-size: 13px; text-align: left;\"><strong>5. Kundenidentit\u00e4tsfeststellung <\/strong><\/div><div style=\"margin: 0px; padding: 0px; color: #555555; font-family: 'Open Sans', sans-serif; font-size: 13px; text-align: left;\">Dem Kunden ist bekannt, dass der Makler gem\u00e4\u00df den Vorschriften des Geldw\u00e4schegesetzes (GwG) rechtzeitig vor Abschluss eines Hauptvertrages die Identit\u00e4t der Vertragsparteien zu \u00fcberpr\u00fcfen und zu dokumentieren hat. Dem Kunden ist auch bekannt, dass er nach den Vorschriften des GwG verpflichtet ist, dem Makler die daf\u00fcr erforderlichen Informationen zur Verf\u00fcgung zu stellen.<br \/><br \/><\/div><div>\u00a0<\/div><div style=\"margin: 0px; padding: 0px; color: #555555; font-family: 'Open Sans', sans-serif; font-size: 13px; text-align: left;\"><strong>6. Datenschutz <\/strong><\/div><div style=\"margin: 0px; padding: 0px; color: #555555; font-family: 'Open Sans', sans-serif; font-size: 13px; text-align: left;\">Der Kunde erkl\u00e4rt sich ausdr\u00fccklich damit einverstanden, dass der Makler zur Erf\u00fcllung seiner Aufgaben befugt ist, die notwendigen pers\u00f6nlichen Daten des Kunden zum Zwecke der automatischen Datenverarbeitung zu speichern und zu \u00fcbermitteln. Der Kunde verzichtet deshalb auf weitere Benachrichtigung im Sinne des Bundesdatenschutzgesetztes.<br \/><br \/><strong style=\"text-align: var(--text-align); letter-spacing: var(--letter-spacing); background-color: var( --e-global-color-16aff0e );\">7. Entstehen des Provisionsanspruchs<\/strong><\/div><div style=\"margin: 0px; padding: 0px; color: #555555; font-family: 'Open Sans', sans-serif; font-size: 13px; text-align: left;\">Der Provisionsanspruch des Maklers entsteht, sobald aufgrund des Nachweises und\/oder der Vermittlung ein Hauptvertrag \u00fcber das angebotene Objekt abgeschlossen wird.<\/div><div style=\"margin: 0px; padding: 0px; color: #555555; font-family: 'Open Sans', sans-serif; font-size: 13px; text-align: left;\">\u00a0<\/div><div>\u00a0<\/div><div style=\"margin: 0px; padding: 0px; color: #555555; font-family: 'Open Sans', sans-serif; font-size: 13px; text-align: left;\"><strong>8. H\u00f6he der Provision <\/strong><\/div><div style=\"margin: 0px; padding: 0px; color: #555555; font-family: 'Open Sans', sans-serif; font-size: 13px; text-align: left;\">Die nachfolgend genannten Provisionss\u00e4tze verstehen sich zzgl. der jeweils geltenden gesetzlichen Mehrwertsteuer, von derzeit 19 %.<\/div><ul><li style=\"color: #555555; font-family: 'Open Sans', sans-serif; font-size: 13px; text-align: left;\">Bei einem Gegenwert bis zu \u20ac 5 Millionen betr\u00e4gt die Provision 5 % des notariell beurkundeten Kaufpreises.<\/li><li style=\"color: #555555; font-family: 'Open Sans', sans-serif; font-size: 13px; text-align: left;\">Ab einem Gegenwert von \u20ac 5 Millionen bis zu \u20ac 10 Millionen betr\u00e4gt die anteilige Provision 4 % des notariell beurkundeten Kaufpreises.<\/li><li style=\"color: #555555; font-family: 'Open Sans', sans-serif; font-size: 13px; text-align: left;\">Ab einem Gegenwert von \u20ac 10 Millionen bis zu \u20ac 15 Millionen betr\u00e4gt die anteilige Provision 3 % des notariell beurkundeten Kaufpreises.<\/li><li style=\"color: #555555; font-family: 'Open Sans', sans-serif; font-size: 13px; text-align: left;\">Ab einem Gegenwert von 15 Millionen betr\u00e4gt die anteilige Provision 2 % des notariell beurkundeten Kaufpreises.<\/li><\/ul><div style=\"margin: 0px; padding: 0px; color: #555555; font-family: 'Open Sans', sans-serif; font-size: 13px; text-align: left;\"><em>Beispiel:<\/em><\/div><div style=\"margin: 0px; padding: 0px; color: #555555; font-family: 'Open Sans', sans-serif; font-size: 13px; text-align: left;\">Kaufpreis \u20ac 22 Millionen<\/div><div style=\"margin: 0px; padding: 0px; color: #555555; font-family: 'Open Sans', sans-serif; font-size: 13px; text-align: left;\">Provision \u20ac 740.000,00 zzgl. MwSt.<br \/><br \/><\/div><div>\u00a0<\/div><div style=\"margin: 0px; padding: 0px; color: #555555; font-family: 'Open Sans', sans-serif; font-size: 13px; text-align: left;\"><strong>9. F\u00e4lligkeit der Provision<\/strong><\/div><div style=\"margin: 0px; padding: 0px; color: #555555; font-family: 'Open Sans', sans-serif; font-size: 13px; text-align: left;\">Die Provision ist bei Abschluss des Hauptvertrages verdient und innerhalb von 14 Tagen nach Rechnungsstellung zu zahlen. Bei nicht rechtzeitiger Zahlung der Provision sind vom Kunden Verzugszinsen in H\u00f6he der gesetzlichen Regelung zu zahlen.<\/div><div>\u00a0<\/div><div style=\"margin: 0px; padding: 0px; color: #555555; font-family: 'Open Sans', sans-serif; font-size: 13px; text-align: left;\"><strong>\u00a0<\/strong><\/div><div style=\"margin: 0px; padding: 0px; color: #555555; font-family: 'Open Sans', sans-serif; font-size: 13px; text-align: left;\"><strong>10. T\u00e4tigwerden f\u00fcr Dritte <\/strong><\/div><div style=\"margin: 0px; padding: 0px; color: #555555; font-family: 'Open Sans', sans-serif; font-size: 13px; text-align: left;\">Der Makler ist berechtigt auch f\u00fcr die andere Vertragspartei entgeltlich wie auch unentgeltlich beratend oder als Nachweismakler t\u00e4tig zu werden.<br \/><br \/><\/div><div>\u00a0<\/div><div style=\"margin: 0px; padding: 0px; color: #555555; font-family: 'Open Sans', sans-serif; font-size: 13px; text-align: left;\"><strong>11. Pressemitteilungen <\/strong><\/div><div style=\"margin: 0px; padding: 0px; color: #555555; font-family: 'Open Sans', sans-serif; font-size: 13px; text-align: left;\">Bei Pressemitteilungen des Kunden im Rahmen eines Vertragsabschlusses \u00fcber ein von dem Makler vermitteltes Objekt, ist der Makler als Vermittler zu benennen.<br \/><br \/><\/div><div>\u00a0<\/div><div style=\"margin: 0px; padding: 0px; color: #555555; font-family: 'Open Sans', sans-serif; font-size: 13px; text-align: left;\"><strong>12. Erf\u00fcllungsort und Gerichtsstand<\/strong><\/div><div style=\"margin: 0px; padding: 0px; color: #555555; font-family: 'Open Sans', sans-serif; font-size: 13px; text-align: left;\">Soweit es sich bei dem Kunden um einen Vollkaufmann gem\u00e4\u00df des HGB handelt, ist der Gerichtsstand und Erf\u00fcllungsort f\u00fcr alle sich aus dem Vertragsverh\u00e4ltnis ergebene Streitigkeiten Darmstadt. Es gilt ausschlie\u00dflich deutsches Recht.<\/div><div style=\"margin: 0px; padding: 0px; color: #555555; font-family: 'Open Sans', sans-serif; font-size: 13px; text-align: left;\">\u00a0<\/div><div>\u00a0<\/div><div style=\"margin: 0px; padding: 0px; color: #555555; font-family: 'Open Sans', sans-serif; font-size: 13px; text-align: left;\"><strong>13. Sonstiges <\/strong><\/div><div style=\"margin: 0px; padding: 0px; color: #555555; font-family: 'Open Sans', sans-serif; font-size: 13px; text-align: left;\">Sollte eine der Bestimmungen dieser AGBs ganz oder teilweise unwirksam sein, so wird die Wirksamkeit der \u00fcbrigen Bestimmungen dadurch nicht ber\u00fchrt. Anstelle dieser tritt die gesetzliche Bestimmung. Fehlt es an einer solchen, tritt an die Stelle der unwirksamen eine wirksame Ersatzbestimmung, die dem angestrebten wirtschaftlichem Zweck m\u00f6glichst nahekommt. Gleiches gilt f\u00fcr die Unvollst\u00e4ndigkeit dieser AGBs.<\/div>\t\t\t\t\t\t\t\t<\/div>\n\t\t\t\t<\/div>\n\t\t\t\t<div class=\"elementor-element elementor-element-6886d8d elementor-widget elementor-widget-text-editor\" data-id=\"6886d8d\" data-element_type=\"widget\" data-e-type=\"widget\" data-widget_type=\"text-editor.default\">\n\t\t\t\t<div class=\"elementor-widget-container\">\n\t\t\t\t\t\t\t\t\t<p style=\"text-align: center;\"><em>Stand: 26.10.2023<\/em><\/p>\t\t\t\t\t\t\t\t<\/div>\n\t\t\t\t<\/div>\n\t\t\t\t<div class=\"elementor-element elementor-element-6389f00 elementor-align-center elementor-widget elementor-widget-button\" data-id=\"6389f00\" data-element_type=\"widget\" data-e-type=\"widget\" data-widget_type=\"button.default\">\n\t\t\t\t<div class=\"elementor-widget-container\">\n\t\t\t\t\t\t\t\t\t<div class=\"elementor-button-wrapper\">\n\t\t\t\t\t<a class=\"elementor-button elementor-button-link elementor-size-sm\" href=\"https:\/\/srv585-files.hstgr.io\/a57299cccf4bdcb3\/files\/public_html\/downloads\/Gerald-Solz-Immobilien_AGBs.pdf\">\n\t\t\t\t\t\t<span class=\"elementor-button-content-wrapper\">\n\t\t\t\t\t\t<span class=\"elementor-button-icon\">\n\t\t\t\t<i aria-hidden=\"true\" class=\"fas fa-download\"><\/i>\t\t\t<\/span>\n\t\t\t\t\t\t\t\t\t<span class=\"elementor-button-text\">Download Agbs<\/span>\n\t\t\t\t\t<\/span>\n\t\t\t\t\t<\/a>\n\t\t\t\t<\/div>\n\t\t\t\t\t\t\t\t<\/div>\n\t\t\t\t<\/div>\n\t\t\t\t<div class=\"elementor-element elementor-element-37983fc elementor-widget-divider--view-line elementor-widget elementor-widget-divider\" data-id=\"37983fc\" data-element_type=\"widget\" data-e-type=\"widget\" data-widget_type=\"divider.default\">\n\t\t\t\t<div class=\"elementor-widget-container\">\n\t\t\t\t\t\t\t<div class=\"elementor-divider\">\n\t\t\t<span class=\"elementor-divider-separator\">\n\t\t\t\t\t\t<\/span>\n\t\t<\/div>\n\t\t\t\t\t\t<\/div>\n\t\t\t\t<\/div>\n\t\t\t\t\t<\/div>\n\t\t\t\t<\/div>\n\t\t\t\t<\/div>\n\t\t","protected":false},"excerpt":{"rendered":"<p>Allgemeine Gesch\u00e4ftsbedingungen Allgemeine Gesch\u00e4ftsbedingungen der Gerald Solz \u2013 Immobilien 1. AnwendungsbereichDie Gerald Solz \u2013 Immobilien (nachfolgend Makler) erbringt ihre Dienstleistungen gegen\u00fcber ihrem Vertragspartner (nachfolgend Kunde) ausschlie\u00dflich auf Basis dieser Gesch\u00e4ftsbedingungen. Diese gelten auch f\u00fcr k\u00fcnftige Gesch\u00e4ftsbeziehungen. Abweichungen sind schriftlich zu vereinbaren und gelten nur f\u00fcr den betreffenden Einzelfall. \u00a02. AngeboteAngebote des Maklers werden mit gr\u00f6\u00dfter [&hellip;]<\/p>\n","protected":false},"author":1,"featured_media":0,"parent":0,"menu_order":0,"comment_status":"closed","ping_status":"closed","template":"elementor_header_footer","meta":{"footnotes":""},"class_list":["post-6484","page","type-page","status-publish","hentry"],"_links":{"self":[{"href":"https:\/\/solz-immobilien.de\/index.php\/wp-json\/wp\/v2\/pages\/6484","targetHints":{"allow":["GET"]}}],"collection":[{"href":"https:\/\/solz-immobilien.de\/index.php\/wp-json\/wp\/v2\/pages"}],"about":[{"href":"https:\/\/solz-immobilien.de\/index.php\/wp-json\/wp\/v2\/types\/page"}],"author":[{"embeddable":true,"href":"https:\/\/solz-immobilien.de\/index.php\/wp-json\/wp\/v2\/users\/1"}],"replies":[{"embeddable":true,"href":"https:\/\/solz-immobilien.de\/index.php\/wp-json\/wp\/v2\/comments?post=6484"}],"version-history":[{"count":52,"href":"https:\/\/solz-immobilien.de\/index.php\/wp-json\/wp\/v2\/pages\/6484\/revisions"}],"predecessor-version":[{"id":6678,"href":"https:\/\/solz-immobilien.de\/index.php\/wp-json\/wp\/v2\/pages\/6484\/revisions\/6678"}],"wp:attachment":[{"href":"https:\/\/solz-immobilien.de\/index.php\/wp-json\/wp\/v2\/media?parent=6484"}],"curies":[{"name":"wp","href":"https:\/\/api.w.org\/{rel}","templated":true}]}}