{"id":6273,"date":"2023-10-09T19:48:30","date_gmt":"2023-10-09T19:48:30","guid":{"rendered":"https:\/\/solz-immobilien.de\/?page_id=6273"},"modified":"2024-09-13T08:47:09","modified_gmt":"2024-09-13T08:47:09","slug":"gallery-wohnhaus-2-column","status":"publish","type":"page","link":"https:\/\/solz-immobilien.de\/index.php\/gallery-wohnhaus-2-column\/","title":{"rendered":"Gallery Wohnhaus &#8211; 2 column"},"content":{"rendered":"\t\t<div data-elementor-type=\"wp-page\" data-elementor-id=\"6273\" class=\"elementor elementor-6273\">\n\t\t\t\t<div class=\"elementor-element elementor-element-50ae498 e-flex e-con-boxed e-con e-parent\" data-id=\"50ae498\" data-element_type=\"container\" data-e-type=\"container\">\n\t\t\t\t\t<div class=\"e-con-inner\">\n\t\t<div class=\"elementor-element elementor-element-e76a43d e-con-full e-flex e-con e-child\" data-id=\"e76a43d\" data-element_type=\"container\" data-e-type=\"container\">\n\t\t\t\t<div class=\"elementor-element elementor-element-259ee18 elementor-position-top elementor-invisible elementor-widget elementor-widget-image-box\" data-id=\"259ee18\" data-element_type=\"widget\" data-e-type=\"widget\" data-settings=\"{&quot;_animation&quot;:&quot;fadeIn&quot;}\" data-widget_type=\"image-box.default\">\n\t\t\t\t<div class=\"elementor-widget-container\">\n\t\t\t\t\t<div class=\"elementor-image-box-wrapper\"><figure class=\"elementor-image-box-img\"><img fetchpriority=\"high\" decoding=\"async\" width=\"800\" height=\"535\" src=\"https:\/\/solz-immobilien.de\/wp-content\/uploads\/2024\/09\/Walldorf.jpg\" class=\"attachment-large size-large wp-image-6755\" alt=\"\" srcset=\"https:\/\/solz-immobilien.de\/wp-content\/uploads\/2024\/09\/Walldorf.jpg 1024w, https:\/\/solz-immobilien.de\/wp-content\/uploads\/2024\/09\/Walldorf-300x201.jpg 300w, https:\/\/solz-immobilien.de\/wp-content\/uploads\/2024\/09\/Walldorf-768x514.jpg 768w, https:\/\/solz-immobilien.de\/wp-content\/uploads\/2024\/09\/Walldorf-600x401.jpg 600w\" sizes=\"(max-width: 800px) 100vw, 800px\" \/><\/figure><div class=\"elementor-image-box-content\"><h3 class=\"elementor-image-box-title\">Mehrfamilienhaus<\/h3><p class=\"elementor-image-box-description\">Walldorf<\/p><\/div><\/div>\t\t\t\t<\/div>\n\t\t\t\t<\/div>\n\t\t\t\t<div class=\"elementor-element elementor-element-937a721 elementor-position-top elementor-invisible elementor-widget elementor-widget-image-box\" data-id=\"937a721\" data-element_type=\"widget\" data-e-type=\"widget\" data-settings=\"{&quot;_animation&quot;:&quot;fadeIn&quot;}\" data-widget_type=\"image-box.default\">\n\t\t\t\t<div class=\"elementor-widget-container\">\n\t\t\t\t\t<div class=\"elementor-image-box-wrapper\"><figure class=\"elementor-image-box-img\"><img decoding=\"async\" width=\"800\" height=\"533\" src=\"https:\/\/solz-immobilien.de\/wp-content\/uploads\/2023\/10\/Darmstadt_03.jpg\" class=\"attachment-large size-large wp-image-6107\" alt=\"\" srcset=\"https:\/\/solz-immobilien.de\/wp-content\/uploads\/2023\/10\/Darmstadt_03.jpg 1023w, https:\/\/solz-immobilien.de\/wp-content\/uploads\/2023\/10\/Darmstadt_03-300x200.jpg 300w, https:\/\/solz-immobilien.de\/wp-content\/uploads\/2023\/10\/Darmstadt_03-768x512.jpg 768w, https:\/\/solz-immobilien.de\/wp-content\/uploads\/2023\/10\/Darmstadt_03-600x400.jpg 600w\" sizes=\"(max-width: 800px) 100vw, 800px\" \/><\/figure><div class=\"elementor-image-box-content\"><h3 class=\"elementor-image-box-title\">Mehrfamilienhaus<\/h3><p class=\"elementor-image-box-description\">Darmstadt<\/p><\/div><\/div>\t\t\t\t<\/div>\n\t\t\t\t<\/div>\n\t\t\t\t<div class=\"elementor-element elementor-element-d421fc1 elementor-position-top elementor-invisible elementor-widget elementor-widget-image-box\" data-id=\"d421fc1\" data-element_type=\"widget\" data-e-type=\"widget\" data-settings=\"{&quot;_animation&quot;:&quot;fadeIn&quot;}\" data-widget_type=\"image-box.default\">\n\t\t\t\t<div class=\"elementor-widget-container\">\n\t\t\t\t\t<div class=\"elementor-image-box-wrapper\"><figure class=\"elementor-image-box-img\"><img decoding=\"async\" width=\"800\" height=\"534\" src=\"https:\/\/solz-immobilien.de\/wp-content\/uploads\/2023\/10\/Darmstadt_05.jpg\" class=\"attachment-large size-large wp-image-6109\" alt=\"\" srcset=\"https:\/\/solz-immobilien.de\/wp-content\/uploads\/2023\/10\/Darmstadt_05.jpg 1024w, https:\/\/solz-immobilien.de\/wp-content\/uploads\/2023\/10\/Darmstadt_05-300x200.jpg 300w, https:\/\/solz-immobilien.de\/wp-content\/uploads\/2023\/10\/Darmstadt_05-768x512.jpg 768w, https:\/\/solz-immobilien.de\/wp-content\/uploads\/2023\/10\/Darmstadt_05-600x400.jpg 600w\" sizes=\"(max-width: 800px) 100vw, 800px\" \/><\/figure><div class=\"elementor-image-box-content\"><h3 class=\"elementor-image-box-title\">Mehrfamilienhaus<\/h3><p class=\"elementor-image-box-description\">Darmstadt<\/p><\/div><\/div>\t\t\t\t<\/div>\n\t\t\t\t<\/div>\n\t\t\t\t<div class=\"elementor-element elementor-element-e780061 elementor-position-top elementor-invisible elementor-widget elementor-widget-image-box\" data-id=\"e780061\" data-element_type=\"widget\" data-e-type=\"widget\" data-settings=\"{&quot;_animation&quot;:&quot;fadeIn&quot;}\" data-widget_type=\"image-box.default\">\n\t\t\t\t<div class=\"elementor-widget-container\">\n\t\t\t\t\t<div class=\"elementor-image-box-wrapper\"><figure class=\"elementor-image-box-img\"><img loading=\"lazy\" decoding=\"async\" width=\"800\" height=\"534\" src=\"https:\/\/solz-immobilien.de\/wp-content\/uploads\/2023\/10\/Darmstadt_07.jpg\" class=\"attachment-large size-large wp-image-6111\" alt=\"\" srcset=\"https:\/\/solz-immobilien.de\/wp-content\/uploads\/2023\/10\/Darmstadt_07.jpg 1024w, https:\/\/solz-immobilien.de\/wp-content\/uploads\/2023\/10\/Darmstadt_07-300x200.jpg 300w, https:\/\/solz-immobilien.de\/wp-content\/uploads\/2023\/10\/Darmstadt_07-768x512.jpg 768w, https:\/\/solz-immobilien.de\/wp-content\/uploads\/2023\/10\/Darmstadt_07-600x400.jpg 600w\" sizes=\"(max-width: 800px) 100vw, 800px\" \/><\/figure><div class=\"elementor-image-box-content\"><h3 class=\"elementor-image-box-title\">Wohnanlage<\/h3><p class=\"elementor-image-box-description\">Darmstadt<\/p><\/div><\/div>\t\t\t\t<\/div>\n\t\t\t\t<\/div>\n\t\t\t\t<div class=\"elementor-element elementor-element-3cb4bc5 elementor-position-top elementor-invisible elementor-widget elementor-widget-image-box\" data-id=\"3cb4bc5\" data-element_type=\"widget\" data-e-type=\"widget\" data-settings=\"{&quot;_animation&quot;:&quot;fadeIn&quot;}\" data-widget_type=\"image-box.default\">\n\t\t\t\t<div class=\"elementor-widget-container\">\n\t\t\t\t\t<div class=\"elementor-image-box-wrapper\"><figure class=\"elementor-image-box-img\"><img loading=\"lazy\" decoding=\"async\" width=\"800\" height=\"534\" src=\"https:\/\/solz-immobilien.de\/wp-content\/uploads\/2023\/10\/Frankfurt_02.jpg\" class=\"attachment-large size-large wp-image-6118\" alt=\"\" srcset=\"https:\/\/solz-immobilien.de\/wp-content\/uploads\/2023\/10\/Frankfurt_02.jpg 1024w, https:\/\/solz-immobilien.de\/wp-content\/uploads\/2023\/10\/Frankfurt_02-300x200.jpg 300w, https:\/\/solz-immobilien.de\/wp-content\/uploads\/2023\/10\/Frankfurt_02-768x512.jpg 768w, https:\/\/solz-immobilien.de\/wp-content\/uploads\/2023\/10\/Frankfurt_02-600x400.jpg 600w\" sizes=\"(max-width: 800px) 100vw, 800px\" \/><\/figure><div class=\"elementor-image-box-content\"><h3 class=\"elementor-image-box-title\">Wohnanlage mit KITA<\/h3><p class=\"elementor-image-box-description\">Frankfurt am Main<\/p><\/div><\/div>\t\t\t\t<\/div>\n\t\t\t\t<\/div>\n\t\t\t\t<div class=\"elementor-element elementor-element-1b83fe1 elementor-position-top elementor-invisible elementor-widget elementor-widget-image-box\" data-id=\"1b83fe1\" data-element_type=\"widget\" data-e-type=\"widget\" data-settings=\"{&quot;_animation&quot;:&quot;fadeIn&quot;}\" data-widget_type=\"image-box.default\">\n\t\t\t\t<div class=\"elementor-widget-container\">\n\t\t\t\t\t<div class=\"elementor-image-box-wrapper\"><figure class=\"elementor-image-box-img\"><img loading=\"lazy\" decoding=\"async\" width=\"800\" height=\"534\" src=\"https:\/\/solz-immobilien.de\/wp-content\/uploads\/2023\/10\/Frankfurt_11.jpg\" class=\"attachment-large size-large wp-image-6127\" alt=\"\" srcset=\"https:\/\/solz-immobilien.de\/wp-content\/uploads\/2023\/10\/Frankfurt_11.jpg 1024w, https:\/\/solz-immobilien.de\/wp-content\/uploads\/2023\/10\/Frankfurt_11-300x200.jpg 300w, https:\/\/solz-immobilien.de\/wp-content\/uploads\/2023\/10\/Frankfurt_11-768x512.jpg 768w, https:\/\/solz-immobilien.de\/wp-content\/uploads\/2023\/10\/Frankfurt_11-600x400.jpg 600w\" sizes=\"(max-width: 800px) 100vw, 800px\" \/><\/figure><div class=\"elementor-image-box-content\"><h3 class=\"elementor-image-box-title\">Mehrfamilienhaus nach Umwandlung <\/h3><p class=\"elementor-image-box-description\">Frankfurt am Main<\/p><\/div><\/div>\t\t\t\t<\/div>\n\t\t\t\t<\/div>\n\t\t\t\t<\/div>\n\t\t<div class=\"elementor-element elementor-element-56b0b5c e-con-full e-flex e-con e-child\" data-id=\"56b0b5c\" data-element_type=\"container\" data-e-type=\"container\">\n\t\t\t\t<div class=\"elementor-element elementor-element-28102c3 elementor-position-top elementor-invisible elementor-widget elementor-widget-image-box\" data-id=\"28102c3\" data-element_type=\"widget\" data-e-type=\"widget\" data-settings=\"{&quot;_animation&quot;:&quot;fadeIn&quot;}\" data-widget_type=\"image-box.default\">\n\t\t\t\t<div class=\"elementor-widget-container\">\n\t\t\t\t\t<div class=\"elementor-image-box-wrapper\"><figure class=\"elementor-image-box-img\"><img loading=\"lazy\" decoding=\"async\" width=\"800\" height=\"534\" src=\"https:\/\/solz-immobilien.de\/wp-content\/uploads\/2023\/10\/Darmstadt_04.jpg\" class=\"attachment-large size-large wp-image-6108\" alt=\"\" srcset=\"https:\/\/solz-immobilien.de\/wp-content\/uploads\/2023\/10\/Darmstadt_04.jpg 1024w, https:\/\/solz-immobilien.de\/wp-content\/uploads\/2023\/10\/Darmstadt_04-300x200.jpg 300w, https:\/\/solz-immobilien.de\/wp-content\/uploads\/2023\/10\/Darmstadt_04-768x512.jpg 768w, https:\/\/solz-immobilien.de\/wp-content\/uploads\/2023\/10\/Darmstadt_04-600x400.jpg 600w\" sizes=\"(max-width: 800px) 100vw, 800px\" \/><\/figure><div class=\"elementor-image-box-content\"><h3 class=\"elementor-image-box-title\">Mehrfamilienhaus<\/h3><p class=\"elementor-image-box-description\">Darmstadt<\/p><\/div><\/div>\t\t\t\t<\/div>\n\t\t\t\t<\/div>\n\t\t\t\t<div class=\"elementor-element elementor-element-24fb3c2 elementor-position-top elementor-invisible elementor-widget elementor-widget-image-box\" data-id=\"24fb3c2\" data-element_type=\"widget\" data-e-type=\"widget\" data-settings=\"{&quot;_animation&quot;:&quot;fadeIn&quot;}\" data-widget_type=\"image-box.default\">\n\t\t\t\t<div class=\"elementor-widget-container\">\n\t\t\t\t\t<div class=\"elementor-image-box-wrapper\"><figure class=\"elementor-image-box-img\"><img loading=\"lazy\" decoding=\"async\" width=\"800\" height=\"534\" src=\"https:\/\/solz-immobilien.de\/wp-content\/uploads\/2023\/10\/Darmstadt_06.jpg\" class=\"attachment-large size-large wp-image-6110\" alt=\"\" srcset=\"https:\/\/solz-immobilien.de\/wp-content\/uploads\/2023\/10\/Darmstadt_06.jpg 1024w, https:\/\/solz-immobilien.de\/wp-content\/uploads\/2023\/10\/Darmstadt_06-300x200.jpg 300w, https:\/\/solz-immobilien.de\/wp-content\/uploads\/2023\/10\/Darmstadt_06-768x512.jpg 768w, https:\/\/solz-immobilien.de\/wp-content\/uploads\/2023\/10\/Darmstadt_06-600x400.jpg 600w\" sizes=\"(max-width: 800px) 100vw, 800px\" \/><\/figure><div class=\"elementor-image-box-content\"><h3 class=\"elementor-image-box-title\">Mehrfamilienhaus<\/h3><p class=\"elementor-image-box-description\">Darmstadt<\/p><\/div><\/div>\t\t\t\t<\/div>\n\t\t\t\t<\/div>\n\t\t\t\t<div class=\"elementor-element elementor-element-15bc9ed elementor-position-top elementor-invisible elementor-widget elementor-widget-image-box\" data-id=\"15bc9ed\" data-element_type=\"widget\" data-e-type=\"widget\" data-settings=\"{&quot;_animation&quot;:&quot;fadeIn&quot;}\" data-widget_type=\"image-box.default\">\n\t\t\t\t<div class=\"elementor-widget-container\">\n\t\t\t\t\t<div class=\"elementor-image-box-wrapper\"><figure class=\"elementor-image-box-img\"><img loading=\"lazy\" decoding=\"async\" width=\"800\" height=\"534\" src=\"https:\/\/solz-immobilien.de\/wp-content\/uploads\/2023\/10\/Frankfurt_01.jpg\" class=\"attachment-large size-large wp-image-6117\" alt=\"\" srcset=\"https:\/\/solz-immobilien.de\/wp-content\/uploads\/2023\/10\/Frankfurt_01.jpg 1024w, https:\/\/solz-immobilien.de\/wp-content\/uploads\/2023\/10\/Frankfurt_01-300x200.jpg 300w, https:\/\/solz-immobilien.de\/wp-content\/uploads\/2023\/10\/Frankfurt_01-768x512.jpg 768w, https:\/\/solz-immobilien.de\/wp-content\/uploads\/2023\/10\/Frankfurt_01-600x400.jpg 600w\" sizes=\"(max-width: 800px) 100vw, 800px\" \/><\/figure><div class=\"elementor-image-box-content\"><h3 class=\"elementor-image-box-title\">Wohnanlage nach Umwandlung eines B\u00fcrohauses<\/h3><p class=\"elementor-image-box-description\">Frankfurt am Main<\/p><\/div><\/div>\t\t\t\t<\/div>\n\t\t\t\t<\/div>\n\t\t\t\t<div class=\"elementor-element elementor-element-5ad4f15 elementor-position-top elementor-invisible elementor-widget elementor-widget-image-box\" data-id=\"5ad4f15\" data-element_type=\"widget\" data-e-type=\"widget\" data-settings=\"{&quot;_animation&quot;:&quot;fadeIn&quot;}\" data-widget_type=\"image-box.default\">\n\t\t\t\t<div class=\"elementor-widget-container\">\n\t\t\t\t\t<div class=\"elementor-image-box-wrapper\"><figure class=\"elementor-image-box-img\"><img loading=\"lazy\" decoding=\"async\" width=\"800\" height=\"533\" src=\"https:\/\/solz-immobilien.de\/wp-content\/uploads\/2023\/10\/Frankfurt_06.jpg\" class=\"attachment-large size-large wp-image-6122\" alt=\"\" srcset=\"https:\/\/solz-immobilien.de\/wp-content\/uploads\/2023\/10\/Frankfurt_06.jpg 1023w, https:\/\/solz-immobilien.de\/wp-content\/uploads\/2023\/10\/Frankfurt_06-300x200.jpg 300w, https:\/\/solz-immobilien.de\/wp-content\/uploads\/2023\/10\/Frankfurt_06-768x512.jpg 768w, https:\/\/solz-immobilien.de\/wp-content\/uploads\/2023\/10\/Frankfurt_06-600x400.jpg 600w\" sizes=\"(max-width: 800px) 100vw, 800px\" \/><\/figure><div class=\"elementor-image-box-content\"><h3 class=\"elementor-image-box-title\">Wohnanlage auf ehemaligem Abrissgrundst\u00fcck<\/h3><p class=\"elementor-image-box-description\">Frankfurt am Main<\/p><\/div><\/div>\t\t\t\t<\/div>\n\t\t\t\t<\/div>\n\t\t\t\t<div class=\"elementor-element elementor-element-6943dce elementor-position-top elementor-invisible elementor-widget elementor-widget-image-box\" data-id=\"6943dce\" data-element_type=\"widget\" data-e-type=\"widget\" data-settings=\"{&quot;_animation&quot;:&quot;fadeIn&quot;}\" data-widget_type=\"image-box.default\">\n\t\t\t\t<div class=\"elementor-widget-container\">\n\t\t\t\t\t<div class=\"elementor-image-box-wrapper\"><figure class=\"elementor-image-box-img\"><img loading=\"lazy\" decoding=\"async\" width=\"800\" height=\"533\" src=\"https:\/\/solz-immobilien.de\/wp-content\/uploads\/2023\/10\/Frankfurt_08.jpg\" class=\"attachment-large size-large wp-image-6124\" alt=\"\" srcset=\"https:\/\/solz-immobilien.de\/wp-content\/uploads\/2023\/10\/Frankfurt_08.jpg 1023w, https:\/\/solz-immobilien.de\/wp-content\/uploads\/2023\/10\/Frankfurt_08-300x200.jpg 300w, https:\/\/solz-immobilien.de\/wp-content\/uploads\/2023\/10\/Frankfurt_08-768x512.jpg 768w, https:\/\/solz-immobilien.de\/wp-content\/uploads\/2023\/10\/Frankfurt_08-600x400.jpg 600w\" sizes=\"(max-width: 800px) 100vw, 800px\" \/><\/figure><div class=\"elementor-image-box-content\"><h3 class=\"elementor-image-box-title\">180 Wohnungen auf ehemaligem Abrissgrundst\u00fcck<\/h3><p class=\"elementor-image-box-description\">Frankfurt am Main<\/p><\/div><\/div>\t\t\t\t<\/div>\n\t\t\t\t<\/div>\n\t\t\t\t<\/div>\n\t\t\t\t\t<\/div>\n\t\t\t\t<\/div>\n\t\t\t\t<\/div>\n\t\t","protected":false},"excerpt":{"rendered":"<p>Mehrfamilienhaus Walldorf Mehrfamilienhaus Darmstadt Mehrfamilienhaus Darmstadt Wohnanlage Darmstadt Wohnanlage mit KITA Frankfurt am Main Mehrfamilienhaus nach Umwandlung Frankfurt am Main Mehrfamilienhaus Darmstadt Mehrfamilienhaus Darmstadt Wohnanlage nach Umwandlung eines B\u00fcrohauses Frankfurt am Main Wohnanlage auf ehemaligem Abrissgrundst\u00fcck Frankfurt am Main 180 Wohnungen auf ehemaligem Abrissgrundst\u00fcck Frankfurt am Main<\/p>\n","protected":false},"author":1,"featured_media":0,"parent":0,"menu_order":0,"comment_status":"closed","ping_status":"closed","template":"","meta":{"footnotes":""},"class_list":["post-6273","page","type-page","status-publish","hentry"],"_links":{"self":[{"href":"https:\/\/solz-immobilien.de\/index.php\/wp-json\/wp\/v2\/pages\/6273","targetHints":{"allow":["GET"]}}],"collection":[{"href":"https:\/\/solz-immobilien.de\/index.php\/wp-json\/wp\/v2\/pages"}],"about":[{"href":"https:\/\/solz-immobilien.de\/index.php\/wp-json\/wp\/v2\/types\/page"}],"author":[{"embeddable":true,"href":"https:\/\/solz-immobilien.de\/index.php\/wp-json\/wp\/v2\/users\/1"}],"replies":[{"embeddable":true,"href":"https:\/\/solz-immobilien.de\/index.php\/wp-json\/wp\/v2\/comments?post=6273"}],"version-history":[{"count":22,"href":"https:\/\/solz-immobilien.de\/index.php\/wp-json\/wp\/v2\/pages\/6273\/revisions"}],"predecessor-version":[{"id":6762,"href":"https:\/\/solz-immobilien.de\/index.php\/wp-json\/wp\/v2\/pages\/6273\/revisions\/6762"}],"wp:attachment":[{"href":"https:\/\/solz-immobilien.de\/index.php\/wp-json\/wp\/v2\/media?parent=6273"}],"curies":[{"name":"wp","href":"https:\/\/api.w.org\/{rel}","templated":true}]}}